{"version":"1.0","provider_name":"Bibloteka e Tetoves","provider_url":"https:\/\/nubkrte.org.mk\/mk","author_name":"admin","author_url":"https:\/\/nubkrte.org.mk\/mk\/author\/admin\/","title":"Pallati i endrrave - Bibloteka e Tetoves","type":"rich","width":600,"height":338,"html":"<blockquote class=\"wp-embedded-content\" data-secret=\"vteBSzmPaW\"><a href=\"https:\/\/nubkrte.org.mk\/mk\/product\/pallati-i-endrrave\/\">\u041f\u0430\u043b\u0430\u0442\u0430 \u043e\u0434 \u0441\u043e\u043d\u0438\u0448\u0442\u0430\u0442\u0430<\/a><\/blockquote><iframe sandbox=\"allow-scripts\" security=\"restricted\" src=\"https:\/\/nubkrte.org.mk\/mk\/product\/pallati-i-endrrave\/embed\/#?secret=vteBSzmPaW\" width=\"600\" height=\"338\" title=\"&#8220;Pallati i endrrave&#8221; &#8212; Bibloteka e Tetoves\" data-secret=\"vteBSzmPaW\" frameborder=\"0\" marginwidth=\"0\" marginheight=\"0\" scrolling=\"no\" class=\"wp-embedded-content\"><\/iframe><script type=\"text\/javascript\">\n\/* <![CDATA[ *\/\n\/*! This file is auto-generated *\/\n!function(d,l){\"use strict\";l.querySelector&&d.addEventListener&&\"undefined\"!=typeof URL&&(d.wp=d.wp||{},d.wp.receiveEmbedMessage||(d.wp.receiveEmbedMessage=function(e){var t=e.data;if((t||t.secret||t.message||t.value)&&!\/[^a-zA-Z0-9]\/.test(t.secret)){for(var s,r,n,a=l.querySelectorAll('iframe[data-secret=\"'+t.secret+'\"]'),o=l.querySelectorAll('blockquote[data-secret=\"'+t.secret+'\"]'),c=new RegExp(\"^https?:$\",\"i\"),i=0;i<o.length;i++)o[i].style.display=\"none\";for(i=0;i<a.length;i++)s=a[i],e.source===s.contentWindow&&(s.removeAttribute(\"style\"),\"height\"===t.message?(1e3<(r=parseInt(t.value,10))?r=1e3:~~r<200&&(r=200),s.height=r):\"link\"===t.message&&(r=new URL(s.getAttribute(\"src\")),n=new URL(t.value),c.test(n.protocol))&&n.host===r.host&&l.activeElement===s&&(d.top.location.href=t.value))}},d.addEventListener(\"message\",d.wp.receiveEmbedMessage,!1),l.addEventListener(\"DOMContentLoaded\",function(){for(var e,t,s=l.querySelectorAll(\"iframe.wp-embedded-content\"),r=0;r<s.length;r++)(t=(e=s[r]).getAttribute(\"data-secret\"))||(t=Math.random().toString(36).substring(2,12),e.src+=\"#?secret=\"+t,e.setAttribute(\"data-secret\",t)),e.contentWindow.postMessage({message:\"ready\",secret:t},\"*\")},!1)))}(window,document);\n\/\/# sourceURL=https:\/\/nubkrte.org.mk\/wp-includes\/js\/wp-embed.min.js\n\/* ]]> *\/\n<\/script>","thumbnail_url":"https:\/\/nubkrte.org.mk\/wp-content\/uploads\/2024\/02\/pallati-i-endrrave-e1710539224283.jpg","thumbnail_width":404,"thumbnail_height":620,"description":"\"Pallati i \u00cbndrrave\" \u00ebsht\u00eb nj\u00eb nga romanet thelb\u00ebsore t\u00eb Ismail Kadares\u00eb, me frym\u00ebn e eposit, t\u00eb cilin let\u00ebrsia evropiane e quajti t\u00eb rraskapitur: me nj\u00ebmb\u00ebdhjet\u00eb romane, - titujt kryesor\u00eb t\u00eb t\u00eb cil\u00ebve po p\u00ebrkthehen her\u00eb pas here, vepra e tij e ka p\u00ebrher\u00eb. ka qen\u00eb n\u00eb list\u00ebn e kandidat\u00ebve p\u00ebr \u00e7mimin \"Nobel\" n\u00eb em\u00ebr t\u00eb let\u00ebrsis\u00eb shqiptare, do ta kishte merituar at\u00eb \u00e7mim edhe sikur t\u00eb kishte shkruar vet\u00ebm \"Pallati i \u00ebndrrave\", si hipotez\u00eb mbi historin\u00eb e v\u00ebrtet\u00eb t\u00eb viktimave t\u00eb t\u00eb m\u00ebdhenjve. vrasje apo mbi at\u00eb pagjum\u00ebsi kolektive q\u00eb Perandoria Osmane nuk mund ta toleroj\u00eb."}

<blockquote class="wp-embedded-content" data-secret="vteBSzmPaW"><a href="https://nubkrte.org.mk/mk/product/pallati-i-endrrave/">Палата од соништата</a></blockquote><iframe sandbox="allow-scripts" security="restricted" src="https://nubkrte.org.mk/mk/product/pallati-i-endrrave/embed/#?secret=vteBSzmPaW" width="600" height="338" title="&#8220;Pallati i endrrave&#8221; &#8212; Bibloteka e Tetoves" data-secret="vteBSzmPaW" frameborder="0" marginwidth="0" marginheight="0" scrolling="no" class="wp-embedded-content"></iframe><script type="text/javascript">
/* <![CDATA[ */
/*! This file is auto-generated */
!function(d,l){"use strict";l.querySelector&&d.addEventListener&&"undefined"!=typeof URL&&(d.wp=d.wp||{},d.wp.receiveEmbedMessage||(d.wp.receiveEmbedMessage=function(e){var t=e.data;if((t||t.secret||t.message||t.value)&&!/[^a-zA-Z0-9]/.test(t.secret)){for(var s,r,n,a=l.querySelectorAll('iframe[data-secret="'+t.secret+'"]'),o=l.querySelectorAll('blockquote[data-secret="'+t.secret+'"]'),c=new RegExp("^https?:$","i"),i=0;i<o.length;i++)o[i].style.display="none";for(i=0;i<a.length;i++)s=a[i],e.source===s.contentWindow&&(s.removeAttribute("style"),"height"===t.message?(1e3<(r=parseInt(t.value,10))?r=1e3:~~r<200&&(r=200),s.height=r):"link"===t.message&&(r=new URL(s.getAttribute("src")),n=new URL(t.value),c.test(n.protocol))&&n.host===r.host&&l.activeElement===s&&(d.top.location.href=t.value))}},d.addEventListener("message",d.wp.receiveEmbedMessage,!1),l.addEventListener("DOMContentLoaded",function(){for(var e,t,s=l.querySelectorAll("iframe.wp-embedded-content"),r=0;r<s.length;r++)(t=(e=s[r]).getAttribute("data-secret"))||(t=Math.random().toString(36).substring(2,12),e.src+="#?secret="+t,e.setAttribute("data-secret",t)),e.contentWindow.postMessage({message:"ready",secret:t},"*")},!1)))}(window,document);
//# sourceURL=https://nubkrte.org.mk/wp-includes/js/wp-embed.min.js
/* ]]> */
</script>

"Pallati i Ëndrrave" është një nga romanet thelbësore të Ismail Kadaresë, me frymën e eposit, të cilin letërsia evropiane e quajti të rraskapitur: me njëmbëdhjetë romane, - titujt kryesorë të të cilëve po përkthehen herë pas here, vepra e tij e ka përherë. ka qenë në listën e kandidatëve për çmimin "Nobel" në emër të letërsisë shqiptare, do ta kishte merituar atë çmim edhe sikur të kishte shkruar vetëm "Pallati i ëndrrave", si hipotezë mbi historinë e vërtetë të viktimave të të mëdhenjve. vrasje apo mbi atë pagjumësi kolektive që Perandoria Osmane nuk mund ta tolerojë.
