{"id":5861,"date":"2025-02-26T13:35:40","date_gmt":"2025-02-26T13:35:40","guid":{"rendered":"https:\/\/nubkrte.org.mk\/?page_id=5861"},"modified":"2025-02-26T13:42:06","modified_gmt":"2025-02-26T13:42:06","slug":"programi-vjetor-i-punes-se-institucionit-nacional-biblioteka-koco-racin-tetove-per-vitin-2025","status":"publish","type":"page","link":"https:\/\/nubkrte.org.mk\/en\/programi-vjetor-i-punes-se-institucionit-nacional-biblioteka-koco-racin-tetove-per-vitin-2025\/","title":{"rendered":"Programi vjetor"},"content":{"rendered":"<pre class=\"wp-block-preformatted\"><strong>Programi vjetor i pun\u00ebs s\u00eb Institucionit Nacional Biblioteka \u201cKo\u00e7o Racin\u201d - Tetov\u00eb p\u00ebr vitin 2025 mb\u00ebshtetur nga Ministria e Kultur\u00ebs dhe Turizmit t\u00eb RMV<\/strong><br> <br>-nga fusha e veprimtaris\u00eb bibliotekare<br><br>1. Furnizimi i fondit t\u00eb librave  -<br>2. 23 Prilli  Dita Bot\u00ebrore e Librit<br>3. Tryez\u00eb e rrumbullak\u00ebt me shkrimtar\u00eb vendas nga Tetova dhe rrethina<br>4. Konkursi komunal \u201cBibliotekar\u00ebt e rinj\u201d<br>5. Njihuni me  Bibliotek\u00ebn <br>6. Ne lexojm\u00eb p\u00ebr shpirt.<br>7. N\u00eb bot\u00ebn e p\u00ebrrallave <br>8. Biblioteka parajsa mbi tok\u00eb... <br>9. Shpallja e lexuesve rekorder\u00eb p\u00ebr vitin 2025 (lexuesit m\u00eb aktiv\u00eb n\u00eb 2025)<br>10.Klubi I lexuesve <br>11. Lidhja e shtypit ditor\u00eb<br><\/pre>","protected":false},"excerpt":{"rendered":"<p>Programi vjetor i pun\u00ebs s\u00eb Institucionit Nacional Biblioteka \u201cKo\u00e7o Racin\u201d &#8211; Tetov\u00eb p\u00ebr vitin 2025 mb\u00ebshtetur nga Ministria e Kultur\u00ebs dhe Turizmit t\u00eb RMV -nga fusha e veprimtaris\u00eb bibliotekare1. Furnizimi [&hellip;]<\/p>\n","protected":false},"author":1,"featured_media":0,"parent":0,"menu_order":0,"comment_status":"closed","ping_status":"closed","template":"","meta":{"om_disable_all_campaigns":false,"footnotes":""},"class_list":["post-5861","page","type-page","status-publish","hentry"],"yoast_head":"<!-- This site is optimized with the Yoast SEO plugin v27.5 - https:\/\/yoast.com\/product\/yoast-seo-wordpress\/ -->\n<title>Programi vjetor - Bibloteka e Tetoves<\/title>\n<meta name=\"robots\" content=\"index, follow, max-snippet:-1, max-image-preview:large, max-video-preview:-1\" \/>\n<link rel=\"canonical\" href=\"https:\/\/nubkrte.org.mk\/en\/programi-vjetor-i-punes-se-institucionit-nacional-biblioteka-koco-racin-tetove-per-vitin-2025\/\" \/>\n<meta property=\"og:locale\" content=\"en_US\" \/>\n<meta property=\"og:type\" content=\"article\" \/>\n<meta property=\"og:title\" content=\"Programi vjetor - Bibloteka e Tetoves\" \/>\n<meta property=\"og:description\" content=\"Programi vjetor i pun\u00ebs s\u00eb Institucionit Nacional Biblioteka \u201cKo\u00e7o Racin\u201d - Tetov\u00eb p\u00ebr vitin 2025 mb\u00ebshtetur nga Ministria e Kultur\u00ebs dhe Turizmit t\u00eb RMV -nga fusha e veprimtaris\u00eb bibliotekare1. Furnizimi [&hellip;]\" \/>\n<meta property=\"og:url\" content=\"https:\/\/nubkrte.org.mk\/en\/programi-vjetor-i-punes-se-institucionit-nacional-biblioteka-koco-racin-tetove-per-vitin-2025\/\" \/>\n<meta property=\"og:site_name\" content=\"Bibloteka e Tetoves\" \/>\n<meta property=\"article:publisher\" content=\"https:\/\/www.facebook.com\/profile.php?id=100076155098032\" \/>\n<meta property=\"article:modified_time\" content=\"2025-02-26T13:42:06+00:00\" \/>\n<meta name=\"twitter:card\" content=\"summary_large_image\" \/>\n<script type=\"application\/ld+json\" class=\"yoast-schema-graph\">{\"@context\":\"https:\\\/\\\/schema.org\",\"@graph\":[{\"@type\":\"WebPage\",\"@id\":\"https:\\\/\\\/nubkrte.org.mk\\\/programi-vjetor-i-punes-se-institucionit-nacional-biblioteka-koco-racin-tetove-per-vitin-2025\\\/\",\"url\":\"https:\\\/\\\/nubkrte.org.mk\\\/programi-vjetor-i-punes-se-institucionit-nacional-biblioteka-koco-racin-tetove-per-vitin-2025\\\/\",\"name\":\"Programi vjetor - Bibloteka e Tetoves\",\"isPartOf\":{\"@id\":\"https:\\\/\\\/nubkrte.org.mk\\\/#website\"},\"datePublished\":\"2025-02-26T13:35:40+00:00\",\"dateModified\":\"2025-02-26T13:42:06+00:00\",\"breadcrumb\":{\"@id\":\"https:\\\/\\\/nubkrte.org.mk\\\/programi-vjetor-i-punes-se-institucionit-nacional-biblioteka-koco-racin-tetove-per-vitin-2025\\\/#breadcrumb\"},\"inLanguage\":\"en-US\",\"potentialAction\":[{\"@type\":\"ReadAction\",\"target\":[\"https:\\\/\\\/nubkrte.org.mk\\\/programi-vjetor-i-punes-se-institucionit-nacional-biblioteka-koco-racin-tetove-per-vitin-2025\\\/\"]}]},{\"@type\":\"BreadcrumbList\",\"@id\":\"https:\\\/\\\/nubkrte.org.mk\\\/programi-vjetor-i-punes-se-institucionit-nacional-biblioteka-koco-racin-tetove-per-vitin-2025\\\/#breadcrumb\",\"itemListElement\":[{\"@type\":\"ListItem\",\"position\":1,\"name\":\"Home\",\"item\":\"https:\\\/\\\/nubkrte.org.mk\\\/\"},{\"@type\":\"ListItem\",\"position\":2,\"name\":\"Programi vjetor\"}]},{\"@type\":\"WebSite\",\"@id\":\"https:\\\/\\\/nubkrte.org.mk\\\/#website\",\"url\":\"https:\\\/\\\/nubkrte.org.mk\\\/\",\"name\":\"Bibloteka e Tetoves\",\"description\":\"Bibloteka e Tetoves\",\"publisher\":{\"@id\":\"https:\\\/\\\/nubkrte.org.mk\\\/#organization\"},\"potentialAction\":[{\"@type\":\"SearchAction\",\"target\":{\"@type\":\"EntryPoint\",\"urlTemplate\":\"https:\\\/\\\/nubkrte.org.mk\\\/?s={search_term_string}\"},\"query-input\":{\"@type\":\"PropertyValueSpecification\",\"valueRequired\":true,\"valueName\":\"search_term_string\"}}],\"inLanguage\":\"en-US\"},{\"@type\":\"Organization\",\"@id\":\"https:\\\/\\\/nubkrte.org.mk\\\/#organization\",\"name\":\"Bibloteka e Tetoves\",\"url\":\"https:\\\/\\\/nubkrte.org.mk\\\/\",\"logo\":{\"@type\":\"ImageObject\",\"inLanguage\":\"en-US\",\"@id\":\"https:\\\/\\\/nubkrte.org.mk\\\/#\\\/schema\\\/logo\\\/image\\\/\",\"url\":\"https:\\\/\\\/i0.wp.com\\\/nubkrte.org.mk\\\/wp-content\\\/uploads\\\/2025\\\/04\\\/cropped-IMG-20250410-WA0013-removebg-preview.png?fit=476%2C80&ssl=1\",\"contentUrl\":\"https:\\\/\\\/i0.wp.com\\\/nubkrte.org.mk\\\/wp-content\\\/uploads\\\/2025\\\/04\\\/cropped-IMG-20250410-WA0013-removebg-preview.png?fit=476%2C80&ssl=1\",\"width\":476,\"height\":80,\"caption\":\"Bibloteka e Tetoves\"},\"image\":{\"@id\":\"https:\\\/\\\/nubkrte.org.mk\\\/#\\\/schema\\\/logo\\\/image\\\/\"},\"sameAs\":[\"https:\\\/\\\/www.facebook.com\\\/profile.php?id=100076155098032\"]}]}<\/script>\n<!-- \/ Yoast SEO plugin. -->","yoast_head_json":{"title":"Programi vjetor - Bibloteka e Tetoves","robots":{"index":"index","follow":"follow","max-snippet":"max-snippet:-1","max-image-preview":"max-image-preview:large","max-video-preview":"max-video-preview:-1"},"canonical":"https:\/\/nubkrte.org.mk\/en\/programi-vjetor-i-punes-se-institucionit-nacional-biblioteka-koco-racin-tetove-per-vitin-2025\/","og_locale":"en_US","og_type":"article","og_title":"Programi vjetor - Bibloteka e Tetoves","og_description":"Programi vjetor i pun\u00ebs s\u00eb Institucionit Nacional Biblioteka \u201cKo\u00e7o Racin\u201d - Tetov\u00eb p\u00ebr vitin 2025 mb\u00ebshtetur nga Ministria e Kultur\u00ebs dhe Turizmit t\u00eb RMV -nga fusha e veprimtaris\u00eb bibliotekare1. Furnizimi [&hellip;]","og_url":"https:\/\/nubkrte.org.mk\/en\/programi-vjetor-i-punes-se-institucionit-nacional-biblioteka-koco-racin-tetove-per-vitin-2025\/","og_site_name":"Bibloteka e Tetoves","article_publisher":"https:\/\/www.facebook.com\/profile.php?id=100076155098032","article_modified_time":"2025-02-26T13:42:06+00:00","twitter_card":"summary_large_image","schema":{"@context":"https:\/\/schema.org","@graph":[{"@type":"WebPage","@id":"https:\/\/nubkrte.org.mk\/programi-vjetor-i-punes-se-institucionit-nacional-biblioteka-koco-racin-tetove-per-vitin-2025\/","url":"https:\/\/nubkrte.org.mk\/programi-vjetor-i-punes-se-institucionit-nacional-biblioteka-koco-racin-tetove-per-vitin-2025\/","name":"Programi vjetor - Bibloteka e Tetoves","isPartOf":{"@id":"https:\/\/nubkrte.org.mk\/#website"},"datePublished":"2025-02-26T13:35:40+00:00","dateModified":"2025-02-26T13:42:06+00:00","breadcrumb":{"@id":"https:\/\/nubkrte.org.mk\/programi-vjetor-i-punes-se-institucionit-nacional-biblioteka-koco-racin-tetove-per-vitin-2025\/#breadcrumb"},"inLanguage":"en-US","potentialAction":[{"@type":"ReadAction","target":["https:\/\/nubkrte.org.mk\/programi-vjetor-i-punes-se-institucionit-nacional-biblioteka-koco-racin-tetove-per-vitin-2025\/"]}]},{"@type":"BreadcrumbList","@id":"https:\/\/nubkrte.org.mk\/programi-vjetor-i-punes-se-institucionit-nacional-biblioteka-koco-racin-tetove-per-vitin-2025\/#breadcrumb","itemListElement":[{"@type":"ListItem","position":1,"name":"Home","item":"https:\/\/nubkrte.org.mk\/"},{"@type":"ListItem","position":2,"name":"Programi vjetor"}]},{"@type":"WebSite","@id":"https:\/\/nubkrte.org.mk\/#website","url":"https:\/\/nubkrte.org.mk\/","name":"Bibloteka e Tetoves","description":"Bibloteka e Tetoves","publisher":{"@id":"https:\/\/nubkrte.org.mk\/#organization"},"potentialAction":[{"@type":"SearchAction","target":{"@type":"EntryPoint","urlTemplate":"https:\/\/nubkrte.org.mk\/?s={search_term_string}"},"query-input":{"@type":"PropertyValueSpecification","valueRequired":true,"valueName":"search_term_string"}}],"inLanguage":"en-US"},{"@type":"Organization","@id":"https:\/\/nubkrte.org.mk\/#organization","name":"Bibloteka e Tetoves","url":"https:\/\/nubkrte.org.mk\/","logo":{"@type":"ImageObject","inLanguage":"en-US","@id":"https:\/\/nubkrte.org.mk\/#\/schema\/logo\/image\/","url":"https:\/\/i0.wp.com\/nubkrte.org.mk\/wp-content\/uploads\/2025\/04\/cropped-IMG-20250410-WA0013-removebg-preview.png?fit=476%2C80&ssl=1","contentUrl":"https:\/\/i0.wp.com\/nubkrte.org.mk\/wp-content\/uploads\/2025\/04\/cropped-IMG-20250410-WA0013-removebg-preview.png?fit=476%2C80&ssl=1","width":476,"height":80,"caption":"Bibloteka e Tetoves"},"image":{"@id":"https:\/\/nubkrte.org.mk\/#\/schema\/logo\/image\/"},"sameAs":["https:\/\/www.facebook.com\/profile.php?id=100076155098032"]}]}},"jetpack_sharing_enabled":true,"_links":{"self":[{"href":"https:\/\/nubkrte.org.mk\/en\/wp-json\/wp\/v2\/pages\/5861","targetHints":{"allow":["GET"]}}],"collection":[{"href":"https:\/\/nubkrte.org.mk\/en\/wp-json\/wp\/v2\/pages"}],"about":[{"href":"https:\/\/nubkrte.org.mk\/en\/wp-json\/wp\/v2\/types\/page"}],"author":[{"embeddable":true,"href":"https:\/\/nubkrte.org.mk\/en\/wp-json\/wp\/v2\/users\/1"}],"replies":[{"embeddable":true,"href":"https:\/\/nubkrte.org.mk\/en\/wp-json\/wp\/v2\/comments?post=5861"}],"version-history":[{"count":3,"href":"https:\/\/nubkrte.org.mk\/en\/wp-json\/wp\/v2\/pages\/5861\/revisions"}],"predecessor-version":[{"id":5864,"href":"https:\/\/nubkrte.org.mk\/en\/wp-json\/wp\/v2\/pages\/5861\/revisions\/5864"}],"wp:attachment":[{"href":"https:\/\/nubkrte.org.mk\/en\/wp-json\/wp\/v2\/media?parent=5861"}],"curies":[{"name":"wp","href":"https:\/\/api.w.org\/{rel}","templated":true}]}}

<pre class="wp-block-preformatted"><strong>Programi vjetor i punës së Institucionit Nacional Biblioteka “Koço Racin” - Tetovë për vitin 2025 mbështetur nga Ministria e Kulturës dhe Turizmit të RMV</strong><br> <br>-nga fusha e veprimtarisë bibliotekare<br><br>1. Furnizimi i fondit të librave  -<br>2. 23 Prilli  Dita Botërore e Librit<br>3. Tryezë e rrumbullakët me shkrimtarë vendas nga Tetova dhe rrethina<br>4. Konkursi komunal “Bibliotekarët e rinj”<br>5. Njihuni me  Bibliotekën <br>6. Ne lexojmë për shpirt.<br>7. Në botën e përrallave <br>8. Biblioteka parajsa mbi tokë... <br>9. Shpallja e lexuesve rekorderë për vitin 2025 (lexuesit më aktivë në 2025)<br>10.Klubi I lexuesve <br>11. Lidhja e shtypit ditorë<br></pre>

<p>Programi vjetor i punës së Institucionit Nacional Biblioteka “Koço Racin” &#8211; Tetovë për vitin 2025 mbështetur nga Ministria e Kulturës dhe Turizmit të RMV -nga fusha e veprimtarisë bibliotekare1. Furnizimi [&hellip;]</p>

<!-- This site is optimized with the Yoast SEO plugin v27.5 - https://yoast.com/product/yoast-seo-wordpress/ -->
<title>Programi vjetor - Bibloteka e Tetoves</title>
<meta name="robots" content="index, follow, max-snippet:-1, max-image-preview:large, max-video-preview:-1" />
<link rel="canonical" href="https://nubkrte.org.mk/en/programi-vjetor-i-punes-se-institucionit-nacional-biblioteka-koco-racin-tetove-per-vitin-2025/" />
<meta property="og:locale" content="en_US" />
<meta property="og:type" content="article" />
<meta property="og:title" content="Programi vjetor - Bibloteka e Tetoves" />
<meta property="og:description" content="Programi vjetor i punës së Institucionit Nacional Biblioteka “Koço Racin” - Tetovë për vitin 2025 mbështetur nga Ministria e Kulturës dhe Turizmit të RMV -nga fusha e veprimtarisë bibliotekare1. Furnizimi [&hellip;]" />
<meta property="og:url" content="https://nubkrte.org.mk/en/programi-vjetor-i-punes-se-institucionit-nacional-biblioteka-koco-racin-tetove-per-vitin-2025/" />
<meta property="og:site_name" content="Bibloteka e Tetoves" />
<meta property="article:publisher" content="https://www.facebook.com/profile.php?id=100076155098032" />
<meta property="article:modified_time" content="2025-02-26T13:42:06+00:00" />
<meta name="twitter:card" content="summary_large_image" />
<script type="application/ld+json" class="yoast-schema-graph">{"@context":"https:\/\/schema.org","@graph":[{"@type":"WebPage","@id":"https:\/\/nubkrte.org.mk\/programi-vjetor-i-punes-se-institucionit-nacional-biblioteka-koco-racin-tetove-per-vitin-2025\/","url":"https:\/\/nubkrte.org.mk\/programi-vjetor-i-punes-se-institucionit-nacional-biblioteka-koco-racin-tetove-per-vitin-2025\/","name":"Programi vjetor - Bibloteka e Tetoves","isPartOf":{"@id":"https:\/\/nubkrte.org.mk\/#website"},"datePublished":"2025-02-26T13:35:40+00:00","dateModified":"2025-02-26T13:42:06+00:00","breadcrumb":{"@id":"https:\/\/nubkrte.org.mk\/programi-vjetor-i-punes-se-institucionit-nacional-biblioteka-koco-racin-tetove-per-vitin-2025\/#breadcrumb"},"inLanguage":"en-US","potentialAction":[{"@type":"ReadAction","target":["https:\/\/nubkrte.org.mk\/programi-vjetor-i-punes-se-institucionit-nacional-biblioteka-koco-racin-tetove-per-vitin-2025\/"]}]},{"@type":"BreadcrumbList","@id":"https:\/\/nubkrte.org.mk\/programi-vjetor-i-punes-se-institucionit-nacional-biblioteka-koco-racin-tetove-per-vitin-2025\/#breadcrumb","itemListElement":[{"@type":"ListItem","position":1,"name":"Home","item":"https:\/\/nubkrte.org.mk\/"},{"@type":"ListItem","position":2,"name":"Programi vjetor"}]},{"@type":"WebSite","@id":"https:\/\/nubkrte.org.mk\/#website","url":"https:\/\/nubkrte.org.mk\/","name":"Bibloteka e Tetoves","description":"Bibloteka e Tetoves","publisher":{"@id":"https:\/\/nubkrte.org.mk\/#organization"},"potentialAction":[{"@type":"SearchAction","target":{"@type":"EntryPoint","urlTemplate":"https:\/\/nubkrte.org.mk\/?s={search_term_string}"},"query-input":{"@type":"PropertyValueSpecification","valueRequired":true,"valueName":"search_term_string"}}],"inLanguage":"en-US"},{"@type":"Organization","@id":"https:\/\/nubkrte.org.mk\/#organization","name":"Bibloteka e Tetoves","url":"https:\/\/nubkrte.org.mk\/","logo":{"@type":"ImageObject","inLanguage":"en-US","@id":"https:\/\/nubkrte.org.mk\/#\/schema\/logo\/image\/","url":"https:\/\/i0.wp.com\/nubkrte.org.mk\/wp-content\/uploads\/2025\/04\/cropped-IMG-20250410-WA0013-removebg-preview.png?fit=476%2C80&ssl=1","contentUrl":"https:\/\/i0.wp.com\/nubkrte.org.mk\/wp-content\/uploads\/2025\/04\/cropped-IMG-20250410-WA0013-removebg-preview.png?fit=476%2C80&ssl=1","width":476,"height":80,"caption":"Bibloteka e Tetoves"},"image":{"@id":"https:\/\/nubkrte.org.mk\/#\/schema\/logo\/image\/"},"sameAs":["https:\/\/www.facebook.com\/profile.php?id=100076155098032"]}]}</script>
<!-- / Yoast SEO plugin. -->

Programi vjetor i punës së Institucionit Nacional Biblioteka “Koço Racin” - Tetovë për vitin 2025 mbështetur nga Ministria e Kulturës dhe Turizmit të RMV -nga fusha e veprimtarisë bibliotekare1. Furnizimi [&hellip;]
